 factor of 91337 and 149.
149
What is the greatest common factor of 3168 and 27?
9
What is the greatest common factor of 275 and 130405?
55
What is the highest common divisor of 6127564 and 668?
668
What is the greatest common factor of 8927835 and 105?
105
Calculate the greatest common factor of 123848 and 137.
137
Calculate the highest common divisor of 1014343 and 101.
101
Calculate the highest common factor of 3 and 334695.
3
Calculate the highest common divisor of 875 and 382750.
125
Calculate the highest common divisor of 550 and 100375.
275
Calculate the greatest common divisor of 9008 and 1152.
16
What is the highest common divisor of 55302 and 12?
6
Calculate the greatest common divisor of 100000 and 32.
32
What is the greatest common divisor of 147050 and 13600?
850
Calculate the greatest common factor of 12 and 49908.
12
What is the greatest common divisor of 88 and 90420?
44
What is the highest common factor of 1028 and 570797?
257
What is the highest common divisor of 1054 and 3400?
34
Calculate the greatest common divisor of 1892 and 8127.
43
Calculate the greatest common factor of 5178 and 202805.
863
What is the greatest common factor of 191754 and 38637?
1431
Calculate the highest common factor of 200 and 47900.
100
Calculate the highest common factor of 151 and 577.
1
What is the highest common divisor of 288 and 3972?
12
Calculate the highest common divisor of 38718 and 708.
6
Calculate the highest common factor of 1348301 and 149.
149
What is the greatest common divisor of 27 and 10296?
9
Calculate the greatest common factor of 7595 and 115010.
1085
Calculate the highest common factor of 585 and 51012.
117
What is the highest common divisor of 1912 and 8384?
8
Calculate the highest common factor of 436734 and 3078.
342
What is the highest common divisor of 18342 and 762?
6
What is the greatest common factor of 186 and 3462?
6
Calculate the greatest common factor of 5016 and 1217976.
456
What is the greatest common factor of 144725 and 175?
175
What is the highest common factor of 7170 and 210?
30
What is the highest common divisor of 1109 and 2387677?
1109
Calculate the greatest common factor of 7747 and 671.
61
Calculate the highest common divisor of 8131 and 3979.
173
What is the highest common divisor of 60 and 86370?
30
What is the greatest common divisor of 2752 and 6?
2
Calculate the highest common factor of 2395 and 55564.
479
Calculate the greatest common divisor of 2856 and 8064.
168
Calculate the highest common divisor of 312 and 6168.
24
What is the highest common divisor of 32950082 and 22?
22
Calculate the highest common divisor of 2393875 and 4125.
1375
Calculate the greatest common divisor of 134810 and 45994.
1586
What is the greatest common divisor of 115329 and 555?
111
What is the highest common divisor of 56457 and 3485?
697
What is the highest common divisor of 24 and 924?
12
Calculate the highest common factor of 2640 and 176640.
240
Calculate the highest common factor of 105 and 78855.
105
What is the greatest common divisor of 100 and 2480?
20
What is the greatest common factor of 11334 and 1746?
6
Calculate the highest common divisor of 7416 and 15624.
72
Calculate the highest common divisor of 165 and 14085.
15
Calculate the greatest common divisor of 253 and 21850.
23
Calculate the greatest common factor of 17670 and 3705.
285
Calculate the greatest common factor of 15 and 191055.
15
What is the highest common factor of 2247 and 19581?
321
Calculate the highest common divisor of 96 and 7360.
32
What is the highest common factor of 30546 and 882?
18
Calculate the greatest common factor of 51 and 2447167.
17
Calculate the greatest common factor of 28 and 8596.
28
Calculate the greatest common factor of 1036509 and 4494.
321
Calculate the highest common factor of 32253 and 624.
39
Calculate the highest common factor of 336347 and 22.
11
What is the greatest common divisor of 290 and 179365?
145
What is the greatest common divisor of 802998 and 42?
42
Calculate the greatest common factor of 279 and 12927.
93
Calculate the highest common factor of 80 and 698608.
16
What is the highest common factor of 34713 and 1596?
399
What is the greatest common factor of 5248 and 122098?
82
What is the greatest common divisor of 40 and 8512?
8
What is the highest common factor of 1369 and 2183?
37
Calculate the greatest common factor of 564 and 314148.
564
Calculate the greatest common divisor of 592 and 496.
16
What is the greatest common divisor of 40 and 75512?
8
What is the highest common factor of 18010 and 20?
10
What is the highest common factor of 1940806 and 14?
14
Calculate the highest common divisor of 32074 and 42.
14
What is the highest common divisor of 20224 and 11552?
32
Calculate the highest common factor of 620 and 11380.
20
Calculate the greatest common divisor of 16463 and 652.
163
Calculate the greatest common factor of 402 and 2112.
6
Calculate the greatest common divisor of 395888 and 3178.
454
Calculate the greatest common divisor of 1599649 and 2578.
1289
Calculate the greatest common divisor of 514269 and 567.
567
What is the greatest common divisor of 8906 and 366?
122
What is the greatest common factor of 51874 and 148?
74
Calculate the highest common divisor of 620 and 8630.
10
Calculate the greatest common divisor of 330243 and 53.
53
What is the highest common factor of 5677 and 91?
7
What is the greatest common divisor of 1804 and 704?
44
Calculate the highest common factor of 56 and 85344.
56
What is the greatest common divisor of 41995 and 3632?
227
Calculate the highest common factor of 2823114 and 30.
6
What is the highest common divisor of 668 and 13984?
4
Calculate the highest common factor of 11532 and 528.
12
Calculate the greatest common divisor of 473 and 3053.
43
Calculate the highest common factor of 480 and 46752.
96
What is the highest common factor of 3004730 and 5?
5
What is the highest common divisor of 434230 and 40?
10
Calculate the greatest common divisor of 86595 and 1380.
345
Calculate the highest common factor of 50 and 9525.
25
Calculate the greatest common divisor of 52 and 33982.
26
Calculate the greatest common factor of 16327 and 1595.
29
What is the greatest common divisor of 1640 and 11357?
41
What is the highest common divisor of 35398 and 10538?
22
What is the highest common divisor of 2881 and 4730?
43
Calculate the highest common factor of 545232 and 256.
16
What is the greatest common divisor of 5080 and 125?
5
Calculate the highest common divisor of 624 and 37752.
312
Calculate the highest common factor of 2828552 and 24.
8
What is the highest common divisor of 1435 and 169617?
287
Calculate the highest common factor of 8272 and 544918.
1034
What is the highest common factor of 48 and 11769?
3
What is the highest common divisor of 2052 and 152?
76
Calculate the greatest common divisor of 1686 and 2352.
6
What is the greatest common divisor of 5017 and 783?
29
Calculate the greatest common divisor of 9515 and 1970.
5
Calculate the greatest common divisor of 968 and 57640.
88
Calculate the highest common divisor of 574 and 1246.
14
Calculate the greatest common factor of 45624 and 72.
24
Calculate the highest common divisor of 29 and 12134963.
29
What is the greatest common factor of 296426 and 52?
26
Calculate the greatest common factor of 6 and 139380.
6
What is the greatest common divisor of 9051 and 831399?
1293
What is the greatest common divisor of 550476 and 1620?
324
What is the highest common factor of 9167665 and 65?
65
What is the greatest common factor of 2920 and 89644?
292
What is the greatest common factor of 55892 and 445?
89
What is the greatest common factor of 4032 and 81?
9
Calculate the highest common divisor of 34116 and 60.
12
What is the highest common divisor of 720 and 735120?
720
What is the greatest common factor of 1695 and 1170?
15
Calculate the highest common divisor of 24534 and 29.
29
Calculate the highest common divisor of 62568 and 561.
33
What is the greatest common factor of 36 and 2308?
4
What is the greatest common factor of 3000 and 580875?
375
Calculate the greatest common factor of 1185 and 51745.
395
What is the highest common divisor of 10932 and 372?
12
Calculate the greatest common factor of 1314 and